82 = 47846. Is o prime?
False
Suppose 7*q - 48 = 10*q. Let i = q - -19. Suppose i*f - 2932 = 707. Is f prime?
True
Suppose -6882994 = 29079*l - 29113*l. Is l a composite number?
False
Suppose 2*n = 2*j - 406216, -3*j + 609333 = -50*n + 48*n. Is j composite?
False
Suppose -13 - 3 = -4*u, 0 = 3*i + 4*u - 68170. Let o = i + -13305. Is o a composite number?
False
Suppose -8*n = -8517 - 5627. Let s = 4475 - n. Is s a prime number?
True
Let i = 3669557 - 2330650. Is i a composite number?
False
Suppose -4*z - 2*z = -6. Suppose -5*j = 2*u - 4*j - z, 3*u = j - 11. Is (u/3)/(9934/(-1986) - -5) a prime number?
True
Is 49/(-343) + 3353766/21 prime?
False
Suppose 4*x - 17438 = 3*n - n, -2*x = 3*n - 8723. Let y = x - 2279. Is y prime?
True
Let q = 76 + -75. Let o be 2/(-10)*-15 - q*-122. Let l = o + -94. Is l a composite number?
False
Let g(d) = 33 + 18*d**2 + 53*d**2 - 198*d + 207*d. Is g(13) a prime number?
True
Suppose -18*t = -141 - 3. Suppose 5*h - 40064 = 3*u, -3*u = 13*h - t*h - 40046. Is h prime?
True
Let n(r) be the third derivative of r**5/20 + 7*r**4/24 - 2*r**3/3 + 35*r**2. Let d(o) = -o**3 + 3*o**2 + o + 2. Let l be d(3). Is n(l) composite?
True
Let a(i) = 33*i**2 + 52*i - 523. Is a(32) prime?
False
Suppose -4*q + 4*l = -506160 - 278304, -3*q = 7*l - 588298. Is q composite?
False
Suppose 76*t + 3199696 = 80*t + 3*a, 5*t - 3*a = 3999593. Is t a composite number?
False
Let f be (-14)/(-4) - (-7)/(-14). Let g(x) = -x**3 + 5*x**2 - 6*x + 2. Let s be g(3). Is (5749/f)/(s/6) prime?
True
Let d(j) = j**3 - 72*j**2 - 24*j + 1095. Is d(88) a prime number?
True
Suppose 1604*p - 1613*p + 35757 = 0. Is p composite?
True
Suppose -v - 3*r = -927, v - r + 0*r = 923. Suppose -i + 225 - v = 0. Is i/(-15) - ((-9)/(-15) - 0) a prime number?
False
Let q = -123734 - -276715. Is q composite?
False
Suppose 3*p + 3*b - 15 = 0, -p - 9*b = -14*b - 35. Suppose 3*v + 5 = -10, 4*h = 4*v + 616. Is 2*h*p/4 prime?
False
Let k(g) = 57825*g**2 - 186*g - 898. Is k(-5) a prime number?
True
Suppose -12*l + 284 = -11*l. Let v(n) = -n + n**2 - 5*n + l - 289 - 46*n**3. Is v(-2) a composite number?
False
Suppose 0 = 2*l - 2*g - 1013986, -g - 2534961 = -10*l + 5*l. Suppose -5*m + l = 11*m. Is m a prime number?
True
Suppose 5*c + 8*l - 171058 = 5*l, -4*c - 2*l + 136846 = 0. Is c a prime number?
True
Let l be -24*1*((-7)/4 + 1). Suppose l*q = 15*q + 9. Is (-22)/(-4)*(-2456)/(-12)*q prime?
False
Is 6021044*((-1127)/92)/(-49) a prime number?
True
Let q be 177/((-4)/(-18) + (-6032)/29088). Suppose -2*a = 5*y - 29795, q = 2*y - 12*a + 11*a. Is y prime?
False
Is ((-1699093)/(-66))/(-3*(-3)/54) a prime number?
False
Suppose 2*l - 2*h = 259348, -4*l - 78*h = -83*h - 518699. Is l a composite number?
False
Let m(h) = -45*h**3 - 4*h**2 - 7*h - 30. Let k be m(-9). Suppose -3*j - 4*q = 7845 - k, 4*q - 41107 = -5*j. Is j a composite number?
False
Let q(o) = -o**3 + 10*o**2 + 13*o - 18. Let v be q(11). Suppose -4*p + 1431 = x + 140, 0 = v*x - 12. Let j = -143 + p. Is j prime?
True
Let n(p) = -12*p**3 - 23*p**2 - 49*p - 263. Is n(-15) a composite number?
False
Let u be ((-8)/(-6))/((-10)/1200). Is (-349320)/u - ((-10)/(-8) - 1) a composite number?
True
Suppose -3 = 2*y + 5*q + 3, -2*q = 2*y. Is (-5847)/(-2) - 1/y prime?
False
Let a(p) = 1634*p**2 - 4*p - 7. Let q be 4 + 30/(-25)*5. Is a(q) composite?
True
Suppose 0 = 6*j + 1759 - 5521. Suppose -5*x + 11 + 9 = 0. Suppose t = -h + j, -691 = -h + x*t - 84. Is h composite?
True
Suppose -23*h + 304507 = 18*h. Is h prime?
False
Suppose 7*k = 6985993 - 2571107. Is k a composite number?
True
Suppose 9*l = -0*l - 2*l. Suppose l = -4*b, -2794 = -2*n + 5*b + 892. Is n prime?
False
Suppose 4*q + z - 70681 = 0, -9*q = -q - 2*z - 141374. Is q a composite number?
True
Let b = 230 + -225. Is (-758)/b*(-20)/8 prime?
True
Let o = 115378 - 29223. Is o a composite number?
True
Suppose 5*b = 3*j + 25306, 9*b - 12*b + 6 = 0. Let h = j - -18399. Is h prime?
True
Let q be 6/(-16) + 1652/(-32). Let g = 54 + q. Is 821/10*-2*(-10)/g prime?
True
Let l = -20039 - -70666. Is l a composite number?
False
Suppose -4*d + 5*y + 1417534 = 0, 5*d - 174*y = -179*y + 1771985. Is d prime?
True
Let u be 1 + 5773 + 21 + 0 + 1. Suppose u = 10*s - 45224. Is s a composite number?
True
Suppose 2*c = -7*c. Suppose -5 - 55 = -5*b. Suppose c = -9*l + b*l - 699. Is l a prime number?
True
Let g be (-1)/(6/(-90)*(-5)/(-2)). Suppose -4*x = 20, 2*h - g*x - 348 = -4*x. Suppose 3*s = h + 8. Is s a composite number?
False
Let y(b) be the first derivative of b**7/840 + b**6/45 + 7*b**5/120 + 13*b**4/24 - 16*b**3/3 + 11. Let a(u) be the third derivative of y(u). Is a(10) composite?
True
Let g(p) = -2*p**2 + 23*p + 3. Let j be g(0). Suppose j*r = -l + 10444, l + 5*r - 10465 = 9*r. Is l a prime number?
True
Let d = 22980 + -13379. Is d composite?
False
Let q be (-225)/(-825) + (-151)/(-11). Is 287964/32 - q/(-112) a composite number?
False
Let v(a) be the second derivative of 1903*a**5/2 - a**4/6 - a**3/6 + 2*a**2 - a - 119. Is v(1) prime?
True
Let l = -20 - 7. Let g = 24 + l. Is ((-32878)/51)/(2/g) a composite number?
False
Is 4*(-3)/(-20)*5886640/24 prime?
False
Let z(v) = -235*v - 121. Let k(m) = 117*m + 60. Let a(p) = 5*k(p) + 2*z(p). Is a(27) a composite number?
False
Let t be 16/2 - (-20 + 18). Suppose 101134 = t*s + 12*s. Is s a prime number?
True
Let g = 359 + -337. Let a(b) = b**3 - 8*b**2 - 29*b + 55. Is a(g) a prime number?
False
Let u(s) = 2*s**2 - 12*s + 11. Let d be u(10). Let k(j) = 98*j + d*j - 21*j + 85*j - 44. Is k(7) a prime number?
False
Suppose 44*v + 9768 = 46*v. Suppose -p + 1603 = -v. Is p composite?
True
Suppose -118*d + 122*d + 6010 = p, d + 3 = 0. Is p prime?
False
Let r be 2/4*-19*-6. Suppose r*d - 4169 = 56*d. Is d a composite number?
True
Let v(t) be the first derivative of 20*t**3/3 - 2*t**2 - 4*t - 11. Let j be v(-2). Let z = 143 - j. Is z a composite number?
False
Let d(k) = k**3 - 2*k**2 + 2. Let l be d(-1). Let w(b) = 98*b**2 + 3*b + 2. Is w(l) prime?
True
Suppose -2*v + 87258 - 3656 = 0. Is v a prime number?
True
Let k(f) = 66*f**2 - 6*f - 1. Let t = 333 + -341. Is k(t) a prime number?
True
Suppose -x = 3*m - 10 + 3, -5*x + 16 = -4*m. Suppose 4*c - 2*c = x*b - 284, -4*c = 3*b - 202. Let f = -51 + b. Is f a composite number?
False
Let j = 288714 + -144221. Is j a composite number?
True
Let d(j) = -5*j**3 - j**2 - j - 2. Let r = 123 - 117. Suppose r*u + 22 = 4. Is d(u) composite?
False
Is (-27)/36 - (-1234544)/64 a composite number?
False
Let p(r) = r**3 + 2*r**2 - 6*r - 5. Let t be p(-3). Let j(g) be the second derivative of 55*g**3/6 - 3*g**2/2 + g. Is j(t) composite?
True
Suppose -52*t + 5304387 = -3716209. Is t composite?
False
Let o(i) = 14*i**2 + 8*i - 56. Suppose 46 = v + 39. Let q be o(v). Suppose -q = -2*l + 110. Is l a prime number?
False
Suppose -16*v + 687239 + 487009 = 56*v. Is v prime?
False
Let z(j) = -j**3 + 28*j**2 + 45*j - 2. Let q be z(23). Suppose 0 = 27*b - 13911 + q. Is b composite?
False
Let f be (-522)/(-8) + (-30)/120. Let u = -16 - f. Let w = 139 + u. Is w a prime number?
False
Let h = -64 + 67. Let n be 1 + h/(-3) + 33/11. Suppose 3*u - 5819 - 1414 = -f, 7233 = n*u - f. Is u composite?
False
Suppose -1950 = -d + 2497. Suppose -1401 = 4*y - 10473. Let i = d - y. Is i composite?
False
Suppose -46455 = 4*s - 4*c - 188787, 71190 = 2*s + 2*c. Is s composite?
True
Suppose -4*l = 0, -11*l + 12*l = -4*o + o + 53421. Is o a prime number?
True
Suppose -p = -4, -4*p + 78 = -5*k - 48. Let r(v) = v**2 + 47*v - 19. Let w(m) = -m**2 - 2*m + 2. Let y(f) = -r(f) + w(f). Is y(k) composite?
False
Suppose -2*r - 5*d + 214011 = 0, -4*d + 4 = -16. Is r prime?
True
Suppose -3912 = -4*x + 4*h + 2252, 0 = 3*x + 2*h - 4628. Suppose -g = -f + x, -1414 = -f + 2*g + 133. Is f a composite number?
True
Suppose 6 = -2*l - 4*j, -j - 1 = 5*l - 4. Let r(d) = -1. Let g(p) = -59*p**2 - 4*p - 7. Let x(z) = l*r(z) - g(z). Is x(-5) a prime number?
False
Let t(a) be the first derivative of -477*a**4/2 + a**2 + a + 53. Suppose -4*z = -2*h + 6, -h - 1 = -3*z + 5*z. Is t(z) a composite number?
False
Let m = 179202 - 117437. Suppose -12*c = -m - 109607. Is c prime?
True
Let d = -40996 + 69273. Is d a composite number?
False
Let w = 8395 + -4044. Is w a prime number?
False
Let t(a) be the firs